 when 44 is divided by c(-3)?
14
Calculate the remainder when 294 is divided by -15*(22 + (-10604)/330).
142
Let u(c) = 220*c + 5724. Let i = -10 - -15. Suppose -4*v = -35 - i. Calculate the remainder when v is divided by u(-26).
2
Suppose -5*a + 3 = -3*t, 0*a - 4*a - 2*t + 20 = 0. Suppose -47 = -a*p - 11. Calculate the remainder when p is divided by 5.
2
Suppose 0 = -3*z + 5*u + 729, 5*u - 280 - 181 = -2*z. Suppose -2*t + 3*t = 3*s + 20, t + 8 = -4*s. Calculate the remainder when z is divided by t.
6
Let o = -52 - -118. Suppose o*b - 319 = 55*b. Let p = 6 + -4. Calculate the remainder when b is divided by p.
1
Let f(o) = -10*o - 17. Suppose -243 = -3*i - 0*i - 5*b, 0 = 2*i - 2*b - 178. Calculate the remainder when i is divided by f(-4).
17
Let g(t) = 5*t - 28. Suppose 0 = -9*n + 19*n - 80. What is the remainder when 34 is divided by g(n)?
10
What is the remainder when 111 is divided by (-3282)/(-54) - 2/(-9) - (28 - 33)?
45
Let r(q) = 2*q**2 + 4*q - 14. What is the remainder when r(7) is divided by 85?
27
Let o(i) = 22*i - 70. Let a be o(4). What is the remainder when 43 is divided by -1*a/(-2)*(35 + -32)?
16
Suppose -3*u = 4*w - 164, -2*u - 4*w + 108 = -0*u. Let v(k) = 4*k**2 + 8*k**2 + 5*k - 17 - 9*k**2 - 2*k**2. What is the remainder when u is divided by v(-9)?
18
Let h be 3*(228/(-90))/(3/60). Let f = h - -260. Calculate the remainder when f is divided by 22.
20
Let k(o) = 1863*o**2 + 7032. What is the remainder when k(0) is divided by 108?
12
Suppose -5*y - 4*d + 361 - 93 = 0, 6 = -2*d. Calculate the remainder when 10974 is divided by y.
54
Let c(g) = 18*g - 26. Let n be c(5). Let l = n - 67. Let v = l - -22. Calculate the remainder when 91 is divided by v.
15
Suppose 2*b - 466284 = -180*b. What is the remainder when b is divided by 123?
102
Suppose -146*c + 138*c = -4472. Let p = 576 - c. Calculate the remainder when 81 is divided by p.
13
Let s be 4/(-3)*(-759)/22. Let n = s + -67. What is the remainder when 29 is divided by (-186)/n - 3/(-21)?
2
Let g = 6 + 20. Suppose -157*w = -227*w + 4060. Calculate the remainder when w is divided by g.
6
Suppose 0 = 8*p + 7*p. Suppose p = -0*b - 4*b + 5*y + 256, b - 64 = 4*y. Calculate the remainder when b is divided by 35.
29
Let y be ((-34)/6 + 5)*21. Let k = 28 + y. Calculate the remainder when 82 is divided by k.
12
What is the remainder when (1022/12)/(35/210) is divided by 136?
103
Let g = 1658 + -1633. Calculate the remainder when 1445 is divided by g.
20
Let s = -81 - -83. Suppose 154 = 3*f + s*y, -169 = 5*f - 8*f - 5*y. Suppose u = 3*u - 286. What is the remainder when u is divided by f?
47
Let h(w) = -w**3 + 10*w**2 - 3*w - 4. What is the remainder when h(8) is divided by (2236/(-129))/(4/(-6))?
22
Suppose 3*l = 5*y - 101 - 860, 4*l = -2*y - 1316. Let c = 111 - l. Calculate the remainder when c is divided by 88.
86
Let r(u) = 3*u**2 + 10*u - 25. Suppose 4*o + 16 = 2*o + 4*y, -2*y + 6 = -2*o. Suppose -4 = -o*h + 40. Calculate the remainder when r(4) is divided by h.
19
Suppose 68 = -3*x + 23. What is the remainder when 10/x*450/(-12) is divided by 10?
5
Let c = -178 - -115. What is the remainder when 164 is divided by (c/15)/7 - (-146)/10?
10
Let o(s) = 6*s**2 + 119*s - 322. Calculate the remainder when 2554 is divided by o(-23).
24
Suppose -4*j = 3*v - 2785, v = 33 - 34. Calculate the remainder when j is divided by 20.
17
Suppose 0 = 4*r - 2*r - 126. Let c(d) = -d + 45. Let u(f) = -f**3 - 13*f**2 - 3*f - 5. Let k be u(-13). What is the remainder when r is divided by c(k)?
8
What is the remainder when 252 is divided by ((-48)/(-1080)*27)/((-6)/(-1220))?
8
Let y(f) = -6*f + 2. Let a = -39161 - -39176. Calculate the remainder when y(-4) is divided by a.
11
Let i = 1704 - 2432. Let s = i + 819. Calculate the remainder when 356 is divided by s.
83
Let q be (-2 - 24)*(0 - 2/4). Suppose 2*p + q = 5. What is the remainder when (-144)/12*(p - (1 - 1)) is divided by 13?
9
Let q be (760 + -7)*-4*(-2)/24. Let m = -182 + q. What is the remainder when m is divided by (92 - -3)*2/5?
31
Suppose 46 = -a + 10. Let q = 90 + a. What is the remainder when 54 is divided by (2/3)/(-3*(-1)/q)?
6
Let q be (-326)/(-4)*(0 - -2). Let l = 273 - q. Let y(d) = d**2 + 3*d + 9. Calculate the remainder when l is divided by y(-7).
36
Suppose -64*d = -65*d - 2*t + 14, -5*t + 15 = 0. Calculate the remainder when 3941 is divided by d.
5
Suppose -1515*o = -1518*o + 123. What is the remainder when 611 is divided by o?
37
Suppose 12*o - 735 = -13*o + 18*o. What is the remainder when o is divided by 4?
1
Let f = -15961 + 15975. What is the remainder when 1/3 - (-580)/15 is divided by f?
11
Let m(l) = 287*l + 588. What is the remainder when 8677 is divided by m(-2)?
11
Suppose 0 = -2*t + 3*a + 6664, -3*a - 1936 = t - 5268. Suppose -39*r = -11*r - t. Calculate the remainder when r is divided by 12.
11
Let x = -1950 - -2043. What is the remainder when 274 is divided by x?
88
Let u(w) = 2*w**3 - 18*w**2 + 10*w + 10. Let n be u(9). Suppose 4*g - 24*g = -n. What is the remainder when 68 is divided by g?
3
What is the remainder when 4397 is divided by (-2170)/(-25) - (-6)/5?
85
Suppose -18032 = -185*s - 15698 + 23566. What is the remainder when 965 is divided by s?
125
What is the remainder when 1350 is divided by (-55)/(-7) + (-36)/(-252)?
6
What is the remainder when 3242 is divided by 9/(-1) - (26 + -64)?
23
Let i(b) = 26*b - 9. Let x be i(-3). Let z = x - -102. Suppose f = 29 - 8. What is the remainder when f is divided by z?
6
Let p(z) = -7*z + 6*z - 33 - 43 + 9*z. Let u be p(9). Let g(w) = -w + 34. Calculate the remainder when g(u) is divided by 11.
5
Suppose 26*q - 1682 = 9914. Let t = -418 + q. What is the remainder when t is divided by 13?
2
Suppose -2*c = -5*y + 2603, 59*c - 60*c = -6. What is the remainder when y is divided by 258?
7
Let j = 118 + -69. Suppose x - 13 = -p, 0*x + 5*x + 61 = 4*p. Suppose -3*l + p + 37 = 0. Calculate the remainder when j is divided by l.
15
Let j(h) = 7*h**3 - 8*h**3 - 3810*h**2 - 13*h + 3799*h**2 + 12. Let a(r) = r - 10. Let i be a(0). What is the remainder when 167 is divided by j(i)?
41
Suppose 7*i - 17 - 11 = 0. Suppose i*s - 298 = -2*h + 8*s, -5*h - 5*s + 790 = 0. Let l(m) = 2*m**2 + m + 3. What is the remainder when h is divided by l(4)?
38
Calculate the remainder when 306 is divided by (-1)/(29/(-4) - -7) + 58.
58
Suppose -5*o + p + 696 = 0, -214*p = o - 219*p - 168. Calculate the remainder when 3861 is divided by o.
135
Let k(v) = -30*v**2 - 6*v + 8. Let m be k(2). Let s = m - -176. Suppose -4*q + 72 = -0*q. What is the remainder when s is divided by q?
16
Let n(s) be the third derivative of s**2 + 1/60*s**5 + 1/6*s**3 + 0 + 0*s - 1/120*s**6 - 1/24*s**4. Calculate the remainder when n(-3) is divided by 15.
10
Let v(k) = -k**3 - 6*k**2 - 6*k - 2. Suppose -6*u - 11 - 13 = 0. Let h be v(u). Let r(x) = -x**2 - 12*x - 6. What is the remainder when 54 is divided by r(h)?
12
Let l(g) be the second derivative of -g**5/10 + 2*g**4 + 2*g**3/3 - 27*g**2/2 + 95*g. Calculate the remainder when 99 is divided by l(12).
15
Let z be 6/4*396/27. Let q be ((-4)/z)/(3/(-33)). Suppose q*y - 84 = 230. Calculate the remainder when y is divided by 20.
17
Let p(w) = 9*w + 376. Let a be p(-41). Suppose -3*m = -a*m + 76. What is the remainder when 265 is divided by m?
18
Suppose 5*k + 5*k - 1590 = 0. Suppose -4*v - k = -1051. Calculate the remainder when v is divided by 59.
46
Let r(g) = 24*g - 1245. What is the remainder when 1265 is divided by r(53)?
23
Suppose 0 = -7*c + 147 + 686. Let j = 154 - c. Calculate the remainder when 101 is divided by j.
31
Let h(v) = -2*v + 23. Let i be h(0). Let q = 25 - i. Suppose -l + 2*l = -q*m + 48, -120 = -5*m + 3*l. What is the remainder when 143 is divided by m?
23
Let n(z) = -21*z + 1. Let r be n(-1). Let b = -16 + r. Suppose 28*m = -95 + 263. Calculate the remainder when m is divided by b.
0
Let u = 3 - 1. Let c = 6549 - 6537. Suppose j + u*m = 2*j - c, -5*m = -5*j + 50. What is the remainder when 63 is divided by j?
7
Calculate the remainder when (1463 - 3)/5 + 2/(-1) is divided by 26 + (-1)/(2 - 27/15).
17
Suppose 0*j - 2*j + 16 = 0. Let b be 2/j + (-302)/(-8) + -2. Let n = b + -12. Calculate the remainder when 93 is divided by n.
21
Suppose -5*y + c = -2936, 3*c = 